{"id":227,"date":"2011-06-09T12:02:52","date_gmt":"2011-06-09T10:02:52","guid":{"rendered":"http:\/\/www.mbfarquitectura.com\/content\/?page_id=227"},"modified":"2011-06-11T01:20:39","modified_gmt":"2011-06-10T23:20:39","slug":"universitat-politecnica-de-catalunya","status":"publish","type":"page","link":"http:\/\/www.mbfarquitectura.com\/?page_id=227","title":{"rendered":"Universitat Polit\u00e8cnica de Catalunya"},"content":{"rendered":"<table border=\"0\" cellspacing=\"0\" cellpadding=\"4\">\n<tr valign=\"TOP\">\n<td colspan=\"3\">\n<h2>edifici A0. Universitat Polit\u00e8cnica de Catalunya<\/h2>\n<\/td>\n<\/tr>\n<tr valign=\"TOP\">\n<td><span style=\"font-family: 'Arial Black', sans-serif; font-size: small;\">centre universitari<\/span><\/td>\n<td><span style=\"font-family: 'Arial Black', sans-serif; font-size: small;\">Abast del treball executat:<\/span><\/td>\n<td><\/td>\n<\/tr>\n<tr valign=\"TOP\">\n<td>\n<span style=\"font-family: 'Arial Black', sans-serif; font-size: small;\">campus nord<\/span>\n<\/td>\n<td><span style=\"font-family: 'Arial Black', sans-serif; font-size: small;\">Fase pr\u00e8via al projecte<\/span><\/td>\n<td><span style=\"font-family: Arial, sans-serif; font-size: small;\">Confecci\u00f3 d&#8217;informes per a proposta d&#8217;adjudicaci\u00f3.<\/span><\/td>\n<\/tr>\n<tr valign=\"TOP\">\n<td>\n<span style=\"font-family: Arial, sans-serif; font-size: small;\">c\/ Jordi Girona Salgado<\/span>\n<\/td>\n<td><span style=\"font-family: Arial, sans-serif; font-size: small;\">Elaboraci\u00f3 del programa de l&#8217;edifici.<\/span><\/td>\n<td><span style=\"font-family: Arial, sans-serif; font-size: small;\">Contractaci\u00f3 del contractista.<\/span><\/td>\n<\/tr>\n<tr valign=\"TOP\">\n<td><span style=\"font-family: Arial, sans-serif; font-size: small;\">08034 Barcelona<\/span><\/td>\n<td>\n<span style=\"font-family: Arial, sans-serif; font-size: small;\">Confecci\u00f3 plecs de cl\u00e0usules administratives i t\u00e8cniques del<\/span>\n<\/td>\n<td>\n<span style=\"font-family: Arial, sans-serif; font-size: small;\">Contractaci\u00f3 de direcci\u00f3 d&#8217;obra i d&#8217;execuci\u00f3 d&#8217;obra,<\/span><\/h1>\n<\/td>\n<\/tr>\n<tr valign=\"TOP\">\n<td><span style=\"font-family: 'Arial Black', sans-serif; font-size: small;\">Nova planta<\/span><\/td>\n<td>\n<span style=\"font-family: Arial, sans-serif; font-size: small;\">concurs per la redacci\u00f3 del projecte.<\/h1>\n<\/td>\n<td>\n<span style=\"font-family: Arial, sans-serif; font-size: small;\">coordinaci\u00f3 de seguretat i salut, control de qualitat.<\/span>\n<\/td>\n<\/tr>\n<tr valign=\"TOP\">\n<td><\/td>\n<td><span style=\"font-family: Arial, sans-serif; font-size: small;\">Proc\u00e9s de licitaci\u00f3.<\/span><\/td>\n<td><span style=\"font-family: 'Arial Black', sans-serif; font-size: small;\">Fase d&#8217;obra<\/span><\/td>\n<\/tr>\n<tr valign=\"TOP\">\n<td><span style=\"font-family: 'Arial Black', sans-serif; font-size: small;\">Programa:<\/span><\/td>\n<td><span style=\"font-family: Arial, sans-serif; font-size: small;\">Avaluaci\u00f3 d&#8217;ofertes.<\/span><\/td>\n<td><span style=\"font-family: Arial, sans-serif; font-size: small;\">Complimentaci\u00f3 de llic\u00e8ncies.<\/span><\/td>\n<\/tr>\n<tr valign=\"TOP\">\n<td><span style=\"font-family: Arial, sans-serif; font-size: small;\">casal de l&#8217;estudiant<\/span><\/td>\n<td><span style=\"font-family: Arial, sans-serif; font-size: small;\">Confecci\u00f3 d&#8217;informes per a proposta d&#8217;adjudicaci\u00f3.<\/span><\/td>\n<td><span style=\"font-family: Arial, sans-serif; font-size: small;\">Supervisi\u00f3 econ\u00f2mica de l&#8217;obra.<\/span><\/td>\n<\/tr>\n<tr valign=\"TOP\">\n<td>\n<span style=\"font-family: Arial, sans-serif; font-size: small;\"despatxos departaments<\/span>\n<\/td>\n<td><span style=\"font-family: Arial, sans-serif; font-size: small;\">Contractaci\u00f3 de l&#8217;equip d&#8217;Arquitectura.<\/span><\/td>\n<td><span style=\"font-family: Arial, sans-serif; font-size: small;\">Seguiment del pla d&#8217;obres.<\/span><\/td>\n<\/tr>\n<tr valign=\"TOP\">\n<td><span style=\"font-family: Arial, sans-serif; font-size: small;\">\u00e0rees d&#8217;estudi<\/span><\/td>\n<td><span style=\"font-family: Arial, sans-serif; font-size: small;\">Tramitaci\u00f3 del dret de superf\u00edcie de la parcel\u00b7la.<\/span><\/td>\n<td><span style=\"font-family: Arial, sans-serif; font-size: small;\">Gesti\u00f3 de certificacions.<\/span><\/td>\n<\/tr>\n<tr valign=\"TOP\">\n<td><span style=\"font-family: Arial, sans-serif; font-size: small;\">serveis generals<\/span><\/td>\n<td><span style=\"font-family: 'Arial Black', sans-serif; font-size: small;\">Fase de projecte<\/span><\/td>\n<td><span style=\"font-family: Arial, sans-serif; font-size: small;\">Informes de seguiment i control a la propietat.<\/span><\/td>\n<\/tr>\n<tr valign=\"TOP\">\n<td>\n<span style=\"font-family: Arial, sans-serif; font-size: small;\">serveis comuns<\/span>\n<\/td>\n<td><span style=\"font-family: Arial, sans-serif; font-size: small;\">Encaix urban\u00edstic del projecte.<\/span><\/td>\n<td><span style=\"font-family: Arial, sans-serif; font-size: small;\">Gesti\u00f3 de les escomeses.<\/span><\/td>\n<\/tr>\n<tr valign=\"TOP\">\n<td>&nbsp;<\/td>\n<td><span style=\"font-family: Arial, sans-serif; font-size: small;\">Seguiment i supervisi\u00f3 del projecte.<\/span><\/td>\n<td><span style=\"font-family: 'Arial Black', sans-serif; font-size: small;\">Fase d&#8217;entrega de l&#8217;obra<\/span><\/td>\n<\/tr>\n<tr valign=\"TOP\">\n<td><\/td>\n<td><span style=\"font-family: 'Arial Black', sans-serif; font-size: small;\">Fase pr\u00e8via a l&#8217;execuci\u00f3 de l&#8217;obra<\/span><\/td>\n<td><span style=\"font-family: Arial, sans-serif; font-size: small;\">Recepci\u00f3 de les obres.<\/span><\/td>\n<\/tr>\n<tr valign=\"TOP\">\n<td>&nbsp;<\/td>\n<td><span style=\"font-family: Arial, sans-serif; font-size: small;\">Confecci\u00f3 plecs de cl\u00e0usules administratives i t\u00e8cniques del<\/span><\/td>\n<td><span style=\"font-family: Arial, sans-serif; font-size: small;\">Contractaci\u00f3 de serveis i subministraments.<\/span><\/td>\n<\/tr>\n<tr valign=\"TOP\">\n<td><span style=\"font-family: Arial, sans-serif; font-size: small;\">Superf\u00edcie 9.800 m<sup>2<\/sup><\/span><\/td>\n<td><span style=\"font-family: Arial, sans-serif; font-size: small;\">concurs per la redacci\u00f3 del projecte.<\/span><\/td>\n<td><span style=\"font-family: Arial, sans-serif; font-size: small;\">Gesti\u00f3 dels repassos.<\/span><\/td>\n<\/tr>\n<tr valign=\"TOP\">\n<td>&nbsp;<\/td>\n<td><span style=\"font-family: Arial, sans-serif; font-size: small;\">Proc\u00e9s de licitaci\u00f3.<\/span><\/td>\n<td><span style=\"font-family: 'Arial Black', sans-serif; font-size: small;\">1999-2005<\/span><\/td>\n<\/tr>\n<tr valign=\"TOP\">\n<td><span style=\"font-family: Arial, sans-serif; font-size: small;\">cost (pem) 7.620.000 \u20ac<\/span><\/td>\n<td><span style=\"font-family: Arial, sans-serif; font-size: small;\">Avaluaci\u00f3 d&#8217;ofertes.<\/span><\/td>\n<td><\/td>\n<\/tr>\n<tr>\n<td><\/td>\n<td><span style=\"font-family: 'Arial Black', sans-serif; font-size: small;\">Arquitecte<\/span><\/td>\n<td><span style=\"font-family: 'Arial Black', sans-serif; font-size: small;\">Constructores<\/span><\/td>\n<\/tr>\n<\/tr>\n<tr>\n<td><\/td>\n<td><span style=\"font-family: Arial, sans-serif; font-size: small;\">Jaume Llobet Llobet<\/span><\/td>\n<td><span style=\"font-family: Arial, sans-serif; font-size: small;\">Ferrovial Agroman SA<br \/>\nConstrucciones Dec\u00f3, SA<br \/>\nNecso Entrecanales Cubiertas SA<br \/>\nEntrecanales Cubiertas SA<br \/>\nServei d&#8217;Obres i Manteniment SL<\/span><\/td>\n<\/tr>\n<\/table>\n","protected":false},"excerpt":{"rendered":"<p>edifici A0. Universitat Polit\u00e8cnica de Catalunya centre universitari Abast del treball executat: campus nord Fase pr\u00e8via al projecte Confecci\u00f3 d&#8217;informes per a proposta d&#8217;adjudicaci\u00f3. c\/ Jordi Girona Salgado Elaboraci\u00f3 del programa de l&#8217;edifici. Contractaci\u00f3 del contractista. 08034 Barcelona Confecci\u00f3 plecs de cl\u00e0usules administratives i t\u00e8cniques del Contractaci\u00f3 de direcci\u00f3 d&#8217;obra [&#8230;]<\/p>\n","protected":false},"author":1,"featured_media":228,"parent":180,"menu_order":0,"comment_status":"closed","ping_status":"closed","template":"page_projects_details.php","meta":[],"_links":{"self":[{"href":"http:\/\/www.mbfarquitectura.com\/index.php?rest_route=\/wp\/v2\/pages\/227"}],"collection":[{"href":"http:\/\/www.mbfarquitectura.com\/index.php?rest_route=\/wp\/v2\/pages"}],"about":[{"href":"http:\/\/www.mbfarquitectura.com\/index.php?rest_route=\/wp\/v2\/types\/page"}],"author":[{"embeddable":true,"href":"http:\/\/www.mbfarquitectura.com\/index.php?rest_route=\/wp\/v2\/users\/1"}],"replies":[{"embeddable":true,"href":"http:\/\/www.mbfarquitectura.com\/index.php?rest_route=%2Fwp%2Fv2%2Fcomments&post=227"}],"version-history":[{"count":0,"href":"http:\/\/www.mbfarquitectura.com\/index.php?rest_route=\/wp\/v2\/pages\/227\/revisions"}],"up":[{"embeddable":true,"href":"http:\/\/www.mbfarquitectura.com\/index.php?rest_route=\/wp\/v2\/pages\/180"}],"wp:featuredmedia":[{"embeddable":true,"href":"http:\/\/www.mbfarquitectura.com\/index.php?rest_route=\/wp\/v2\/media\/228"}],"wp:attachment":[{"href":"http:\/\/www.mbfarquitectura.com\/index.php?rest_route=%2Fwp%2Fv2%2Fmedia&parent=227"}],"curies":[{"name":"wp","href":"https:\/\/api.w.org\/{rel}","templated":true}]}}